 - 2206. What is the hundreds digit of m?
3
Let p = 19 + 18. Let z be ((-1)/2)/(1/(-2)). What is the units digit of (p - (-2 - -5))*z?
4
Let t(m) = m**3 + 16*m**2 + 27*m + 18. Suppose -3*x - 30 - 12 = 0. What is the units digit of t(x)?
2
Suppose -30*c + 14*c + 2256 = 0. What is the units digit of c?
1
Suppose -2*r - 585 = -5*r. Suppose 15 = 7*j - r. What is the tens digit of j?
3
Let w = 6 + -4. Let d be w + 6*(-6)/1. Let a = d + 48. What is the tens digit of a?
1
Suppose -61*g + 95312 = -24*g. What is the units digit of g?
6
Let g(k) = -8 + 1 - 4 - 49*k - 1. What is the units digit of g(-2)?
6
Let s be 2/2*4 + 1. Let p be 21/s + 17/(-85). Suppose -m = -3*m + 5*g + 119, -3*m + p*g + 161 = 0. What is the tens digit of m?
4
Let h = 39 + -32. Let w = 23 - h. What is the units digit of w?
6
Suppose 0*p - 5*p = -10. Suppose -2*h - 19 = p*f + h, -20 = 3*f - 4*h. Let y = f - -15. What is the units digit of y?
7
Let l = 207 + -124. Suppose -3*r + l = -h + 2*h, -4*r = -2*h - 94. What is the units digit of r?
6
Suppose -2*i + 2998 = c, i + 11087 = 5*c - 3881. What is the thousands digit of c?
2
What is the tens digit of 15*678/9 - (0 - -2)?
2
Suppose -d - 2*h = 8 + 3, 5*d + 4*h + 49 = 0. What is the tens digit of (-4)/(-6) + (-705)/d?
7
Let a(c) = -c**2 - c. Let s be a(-4). Let l = s - -45. What is the units digit of l?
3
Let h(t) = -t**3 + 8*t**2 - 8*t - 6. Let z be h(6). Suppose -2*b + 2*w + z = 0, -w + 3 = 2*b - 3. What is the units digit of b?
5
Let l(b) = -b**3 + 33*b**2 + 178*b + 49. What is the tens digit of l(37)?
5
Suppose -4*a = 5*a - 333. What is the tens digit of a?
3
Let y be 3*-3*(-1)/3. Suppose -4 = -m - 3*n + 22, y*m + 5*n = 70. Let q = m - 8. What is the tens digit of q?
1
Let k be (-4)/(-10)*1*215. Suppose -4*v = -2*f + 94, 4*f - 114 = 2*v + k. Suppose 2*u + 2*g - f = 3*g, 2*g = u - 27. What is the tens digit of u?
2
Let o(z) = -z**3 - 7*z**2 + 8*z - 6. Let g be o(-8). Let q be 0 + 3 + g + 29. Suppose 0 = -b + 5*r + q, -2*b = 2*b + 5*r - 79. What is the units digit of b?
1
Let r(q) = -28*q + 107. What is the tens digit of r(-9)?
5
Let z(x) = 2*x**3 + x**2 + 7*x - 3. Let f = 120 + -117. What is the tens digit of z(f)?
8
Let z(l) = l**2 + 3*l + 3. Let p be z(-4). Suppose 3*a - 232 = -5*h, p*h - 3*h = 4*a + 160. What is the units digit of h?
4
Let u = 29 - 26. Suppose s + s + 6 = -4*a, u*s + 3*a = 0. Suppose -y = s*j - 56, -4*y + 0*y + 168 = -2*j. What is the units digit of y?
4
Let y(j) = -2*j**2 - 2*j + 15. Let r be y(0). Suppose 0 = r*c - 19*c + 216. What is the units digit of c?
4
Let t(l) = -3*l**2 - 11*l - 2. Let r(u) = -8*u**2 - 34*u - 7. Let b(q) = -4*r(q) + 11*t(q). What is the tens digit of b(11)?
5
Let j(k) = k. Let x(t) = 8*t - 20 + 4 - 2 - 10*t. Let g(p) = -3*j(p) - x(p). What is the tens digit of g(8)?
1
Let n(y) = y**3 - 6*y**2 - y + 14. Let j be n(6). Let h = 56 + j. What is the tens digit of h?
6
Let u(r) be the second derivative of r**4/6 + 8*r**3/3 + 33*r**2/2 - 10*r. What is the units digit of u(-10)?
3
Let m(y) = 23*y + 27. What is the units digit of m(6)?
5
Let g(c) = -9*c + 1. Let w be g(4). Let k be (w/(-14))/((-2)/(-4)). Suppose -15 = k*o - 85. What is the units digit of o?
4
Let y(a) = 36*a + 107. What is the units digit of y(9)?
1
Suppose -7*i = -10*i - 135. Let d be (15/i)/((-2)/1182). Suppose -5*l = 3*z - d, -2*z + 119 = 3*l - 0*z. What is the units digit of l?
7
Suppose d + 5 = -0*d, 12 = -4*p - 4*d. Suppose -3 = -3*v, -y - p*v = 4*y - 382. What is the units digit of y?
6
Suppose 2*l = -2*n + 4, -3*l - 2*n + 5 + 1 = 0. Suppose 0*g = w - l*g - 9, 5*g + 19 = -w. What is the units digit of 10/6*(13 - w)?
0
Let x(s) = s**3 + 50*s**2 - 108*s - 135. What is the units digit of x(-52)?
3
Suppose -38682 = 28*k - 116466. What is the units digit of k?
8
Let d = -790 + 1157. What is the tens digit of d?
6
Suppose -2*u + 5*x + 11825 = 0, -5*x - 12737 = -3*u + 5003. What is the tens digit of u?
1
Suppose -3*a + 3056 = -4*m, a - 9*m = -4*m + 1004. What is the units digit of a?
4
Suppose -2*d + 95 = -5*p - 532, 0 = -3*d + 5*p + 948. What is the units digit of d?
1
Suppose -3*f + 12 = 2*g, -2*f - 3 + 4 = -g. Suppose 0*n - 2*n = 3*b - 181, 0 = g*b + 3*n - 177. What is the tens digit of b?
6
Suppose -13*f = -5535 - 17995. What is the tens digit of f?
1
Suppose i = -b - 3*b + 434, -3*i - 4*b = -1310. What is the units digit of i?
8
Let r(d) = d + 3. Let y be r(5). Let j = 10 - y. What is the units digit of 75*2*j/12?
5
Let i = -1071 - -1712. What is the hundreds digit of i?
6
Suppose 2*c + 210 = -2*c - 3*b, c = -3*b - 57. Let s = 16 - c. What is the units digit of s?
7
Let j(s) = s**2 + 7*s + 6. Let i be j(-7). Let p be 4*(1 + (-9)/i). Let k(z) = 7*z**2 + 2*z - 1. What is the units digit of k(p)?
3
Let q = -776 - -1131. What is the units digit of q?
5
Suppose 6*t - 5*t - 4 = 0. Suppose 0 = t*q - 20 - 4. What is the tens digit of (-20)/6*(-18)/q?
1
Suppose -476 + 50 = -t - 4*s, 3*t = 2*s + 1348. What is the tens digit of t?
4
Suppose 3*p - 2*n = 956 - 262, 0 = 3*p + n - 697. What is the units digit of (60/20)/(-2 - (-467)/p)?
2
What is the units digit of (4515/(-6) - 4)/((-7)/14)?
3
Suppose 99 = 4*o - 41. Suppose -4*r - 3*g = 2*g + 8, -5*r = -5*g - o. What is the tens digit of 206/8 - r/4?
2
Let x(r) be the second derivative of 41*r**7/2520 - r**6/720 + 7*r**4/12 + 6*r. Let b(o) be the third derivative of x(o). What is the tens digit of b(-1)?
4
Suppose 0 = -5*o - 4*l + 10, -5*o = 2*l + l - 10. Suppose -2*z + 7 = 5*g, 2*z + 8 = o*g - 6. What is the tens digit of 32 - g*(-4)/6?
3
Let o = -188 - -795. What is the units digit of o?
7
Let b = 280 - 75. Let i = b + -124. What is the tens digit of i?
8
Let f(h) = -h**2 + 14*h + 13. Let x be f(15). What is the units digit of 4/(-6)*237/x?
9
Suppose 9 = -3*f, -5*w + 3*f - 7*f = -1918. What is the units digit of w?
6
Let w(a) = -a**3 + 24*a**2 - 63*a - 7. What is the tens digit of w(18)?
0
Let v = 175 + 27. Let p = v + -32. What is the hundreds digit of p?
1
Let u(r) = 130*r - 89. What is the units digit of u(8)?
1
Suppose -5*k + 2*k = 5*a - 5733, -3*k = -5*a + 5757. What is the hundreds digit of a?
1
Let m(j) = 33*j**2 + 14*j + 12. What is the hundreds digit of m(-5)?
7
Let f(p) = p**2 + 6*p - 9. Let c be 5*(12/4)/3. What is the units digit of f(c)?
6
Suppose s - 4*s = 0. Let o be s*-1*(-3)/6. Suppose -m + 2*d + 40 = o, -4*m - 5*d = -107 - 79. What is the tens digit of m?
4
Let d(v) = -8*v - 3. Let o be d(-1). Suppose o*n - 318 = 97. What is the tens digit of n?
8
Suppose 2*t = 2, -o - 2*t + 5 = 2*o. Let i(n) be the third derivative of 3*n**5/10 - n**4/12 + n**3/6 + 58*n**2. What is the units digit of i(o)?
7
Let j = 634 - 478. What is the units digit of j?
6
Suppose 2776 + 6272 = 4*b. What is the thousands digit of b?
2
Let j(f) = f**3 + f**2 - f. Let s be j(0). Suppose s = -5*c + 97 + 103. What is the tens digit of c?
4
Suppose 0 = 606*n - 616*n + 22940. What is the units digit of n?
4
What is the tens digit of (-35148)/(-46) + 14 + 3564/(-253)?
6
Let j(p) = 1387*p**2 + 11*p - 4. What is the units digit of j(1)?
4
Let i be (-10)/15 + 17/3. Suppose -2*l = -2*w - 2*w + 372, 0 = i*w + 4*l - 439. What is the units digit of w?
1
Let o = -3 - -4. Let r be (29*o)/(4/8). Let y = -39 + r. What is the tens digit of y?
1
Suppose 3*w - 2*o = -5*o - 9, w - 5*o = -33. What is the units digit of (-416)/(-6)*(-12)/w?
4
Suppose 4*o - 4 = g, -2*o + g = -o + 2. Suppose o*h + 2*m - 106 = -m, 5*m - 157 = -3*h. What is the tens digit of h?
5
Let h(w) = -6*w - 1. Let j be h(1). Let d be 5256/(-126) + 2/j. What is the units digit of (-1572)/d - 3/7?
7
Let g = -520 - -1020. What is the tens digit of g?
0
Let v(r) = -9*r + 15*r - 21*r - 13. What is the tens digit of v(-5)?
6
Suppose -5*c + 38 = -2*k - 2*k, -k - 1 = 3*c. Let t = k + 11. Suppose -3*j + t*j = 11. What is the tens digit of j?
1
Let s = -19 + 37. Let i be 12/9 - 24/s. Suppose i = f + 5*u + 12, 3*f - 4*u = -u + 54. What is the units digit of f?
3
Let o(a) = a**3 - 3*a**2 + 2*a + 2. Let p be o(2). Let d be (-1)/(p/3)*-2. Suppose 10 = d*l + 4*v - 14, -3*v - 21 = -l. What is the tens digit of l?
1
Let j(o) = 2*o**3 - 78*o**2 + 22*o - 87. What is the tens digit of j(39)?
7
What is the hundreds digit of (-4)/(-14) + (-2124)/(-14)?
1
Let x(d) = 5*d +